.
25
Suppose 0 = -p + 3*z + 33 + 45, 0 = 3*p - 3*z - 234. Let q be (8/6)/(4/p). What is the greatest common divisor of 65 and q?
13
Let l(o) = 2*o**2. Let b be l(3). Let f = 230 + -140. Calculate the highest common factor of f and b.
18
Let u = 7 - 3. What is the highest common divisor of 4 and u?
4
Let g be 270/21*(-14)/(-3). Calculate the highest common factor of 90 and g.
30
Let r = -160 - -206. Calculate the greatest common divisor of 322 and r.
46
Let i(g) = g**3 + 5*g**2 - 18*g - 10. Let w be i(-7). Calculate the greatest common factor of 12 and w.
6
Suppose 0 = 4*s - 2*w, -w - 14 = 4*s + 4*w. Let c(h) = 213*h**2 - h. Let b be c(s). Let n be b/8 + 1/4. What is the highest common factor of n and 18?
9
Let i be (2 - 2) + (-4)/(-2). Let w(x) = 3*x - 2*x - i*x - 4. Let r be w(-5). What is the highest common divisor of 2 and r?
1
Let x be 72/32*(-16)/(-3). Let w be -1 + (-21)/(-4 + 1). Calculate the greatest common divisor of w and x.
6
Let z = 21 + -13. Suppose -3*l + 0 = -96. Calculate the greatest common divisor of z and l.
8
Let b = 5 - 3. Calculate the highest common divisor of b and 2.
2
Let j(w) = 3*w**3 - 4*w**2 + 4*w - 4. Let i be j(2). Calculate the greatest common divisor of i and 4.
4
Suppose 0 = z + 4*z - 250. Suppose -34 = -5*o + 3*o. Let q be -6*3/(-6) + o. Calculate the highest common factor of z and q.
10
Let t(d) = -5*d - 1. Suppose 0 = -3*u - u - 8. Let i be t(u). Suppose f - 2*l - i = -l, -5*l - 5 = 0. Calculate the highest common factor of f and 72.
8
Suppose 2*q - 210 = -q. What is the greatest common divisor of q and 10?
10
Suppose 8*z = 4*z + 468. Calculate the highest common divisor of z and 13.
13
Suppose -3*q + 119 + 31 = 0. Let g = 12 + 8. Calculate the greatest common divisor of g and q.
10
Let m = -26 - -70. Calculate the greatest common divisor of m and 22.
22
Let h(v) = v + 12. Let y be h(-6). Calculate the highest common factor of 54 and y.
6
Let w(q) = q + 24. Let k be w(-4). Calculate the greatest common divisor of k and 80.
20
Suppose 216 + 96 = -4*o. Let k be 2 - 2 - (o + -2). Suppose -4*n = 4*l - 60, -4*n + 3*n + 2*l + 18 = 0. Calculate the greatest common divisor of n and k.
16
Let c(a) = -a + 4. Suppose -3*y = -y - 8. Suppose y*i + 44 = 4. Let k be c(i). Calculate the greatest common factor of 14 and k.
14
Suppose -3*l = 8 + 19. Let s = 0 - l. Calculate the greatest common divisor of 99 and s.
9
Let f = 110 - 55. Suppose 6*t + 25 = 11*t. Calculate the highest common factor of f and t.
5
Let f = -20 + 73. Let u = -38 + f. Let g be -1*(3/(-1) - 12). Calculate the greatest common factor of g and u.
15
Suppose 0 = -4*c + 77 + 31. Let d be 15/((c/6)/3). Calculate the highest common factor of d and 100.
10
Suppose -4*a + 0*s - 3*s + 321 = 0, -s + 323 = 4*a. What is the greatest common factor of a and 9?
9
Let q(v) be the first derivative of 2*v**3/3 + v + 1. Let f be q(3). Let j be 0 - (-2 - f)*1. Calculate the highest common divisor of j and 7.
7
Let v be 1 + 154 + (-1 - -3 - 3). Calculate the greatest common factor of 22 and v.
22
Let p = 279 + -151. What is the greatest common factor of 16 and p?
16
Let r(z) = -3*z**3 + z**2 + 2. Let k(w) = 4*w**3 + w - 1. Let x(f) = -2*k(f) - 3*r(f). Let m be x(4). What is the highest common factor of m and 44?
4
Let w(k) = -k**2 - 5*k - 6. Let s be w(6). Let y be ((-3)/(-2))/((-2)/s). Calculate the greatest common factor of y and 6.
6
Let q(d) = -4*d + 5. Let v be q(-5). What is the greatest common factor of 225 and v?
25
Suppose 4*v - 52 - 16 = 0. Suppose 4*j = 2*j + 4. Suppose h - z - 14 = -0*h, h - j*z = 11. Calculate the greatest common divisor of h and v.
17
Let u(m) = 5*m**2 + 3*m - 4. Let k be u(3). Let w = 7 + 3. Calculate the highest common factor of k and w.
10
Let c = -45 + 21. Let d = c + 37. What is the highest common factor of 91 and d?
13
Let d(t) = -6*t**3 - 3*t**2 - 3*t + 3. Suppose 4*v + 12 = -0*v. Let p be d(v). What is the greatest common factor of p and 21?
21
Let x(a) = 24*a + 12. Let j be x(5). What is the highest common factor of 12 and j?
12
Suppose 5*x = 33 + 2. Let p = -45 - -108. Calculate the greatest common divisor of p and x.
7
Let u be 0 - (1*10 - -2). Let z = 55 + -77. Let a = u - z. Calculate the greatest common factor of 15 and a.
5
Suppose -18*f = -14*f - 624. What is the highest common factor of 104 and f?
52
Let x = -22 - 4. Let y = x - -45. Suppose -5*j + 78 + 17 = 0. What is the highest common divisor of y and j?
19
Let g(i) = -14*i + i**2 + 8*i - 2*i**2 + 5. Let y be g(-6). Calculate the highest common factor of 15 and y.
5
Let k(f) = f**2 - 12*f - 2. Let n be k(9). Let v = -15 - n. What is the greatest common factor of v and 42?
14
Let a(h) = 13*h**2 - 7*h - 4. Let s be a(4). Calculate the highest common divisor of s and 11.
11
Let i(f) = -f**2 - 12*f - 9. Let l be i(-11). Suppose -4*a - l = 2*b, -b - 2*b - 15 = 0. Calculate the greatest common factor of a and 4.
2
Let b be (-9)/36 - 73/(-4). Let y = 38 + 7. Calculate the greatest common factor of b and y.
9
Let m(y) = y - 3. Let t be m(5). Let v(r) = -2*r - r**2 - r + 1 + 4*r**2. Let c be v(t). Calculate the greatest common divisor of c and 14.
7
Suppose 2*o - 2*s = -4, 2*o = -0*o - 3*s + 11. Suppose 16 = 5*c + o. What is the highest common divisor of 9 and c?
3
Let r(w) = -w**3 + 5*w**2 - 4*w + 12. Let a be r(4). Calculate the greatest common factor of 102 and a.
6
Suppose 0*l = 5*l - 475. What is the greatest common factor of 19 and l?
19
Let r = -43 + 62. What is the greatest common factor of r and 19?
19
Suppose 5*s - 87 = 153. Calculate the highest common factor of s and 32.
16
Let c = 3 - 1. Let r be 1356/10 - c/(-5). Let y = r + -17. Calculate the greatest common factor of y and 17.
17
Suppose 25 = 5*h, -4*o + 3*h + 88 = 7*h. Let c be 232/14 + (-99)/(-231). What is the highest common divisor of c and o?
17
Let h(s) = s**3 - 6*s**2 - 5*s + 2. Let n be h(8). Let b be 10/(-14) + 1 - 3000/(-84). What is the highest common divisor of b and n?
18
Let u be (-2185)/(-38) + 10/4. Calculate the highest common factor of u and 36.
12
Let n be -1*2/(-8) + (-2667)/(-84). Calculate the highest common factor of 128 and n.
32
Let i be 2*12 + (-2)/(-2). Suppose -6 - 8 = o - 5*q, -5*o = q - 34. Let t be 6/(-9) - (-64)/o. What is the greatest common factor of t and i?
5
Let w(x) = -x**3 + 17*x**2 - 13*x - 13. Let m be w(16). Calculate the highest common divisor of m and 245.
35
Let i(c) = -12*c**3 - c**2 + c + 1. Let a be i(-1). Let d = a + 19. Calculate the greatest common divisor of d and 45.
15
Let u be (-2)/8 - (-25)/4. Suppose -z - 45 = -63. What is the highest common factor of u and z?
6
Suppose 3*f = -6*r + 2*r - 101, -f + 79 = -3*r. Let l = r + 48. What is the highest common divisor of l and 2?
2
Suppose w = -5*z + 67, -3*z + 39 = w - 2. Let i be (-312)/16*16/(-3). What is the highest common factor of i and z?
13
Let m(a) = -a**3 + 21*a**2 - 19*a + 5. Let p be m(20). What is the highest common divisor of p and 5?
5
Let h(x) = 77*x + 1. Let z be h(3). Calculate the greatest common factor of 29 and z.
29
Let v(r) = 2*r - 2. Let x = -20 + 30. Let q be v(x). What is the highest common factor of q and 126?
18
Let l(r) = -r - 4. Let t be l(-3). Let y be (-15)/((-18)/15 - t). Suppose -60 = 2*v - 6*v. Calculate the highest common divisor of y and v.
15
Let n(m) = -m**3 + 10*m**2 + 3*m + 3. Let o be n(5). Let g be -26*(-1)/4*4. Suppose -4*i - g = -78. Calculate the greatest common factor of i and o.
13
Let v(x) be the second derivative of -x**5/20 - 5*x**4/6 - 5*x**3/3 - 3*x**2 + 3*x. Let c be v(-9). Calculate the greatest common divisor of 3 and c.
3
Let a = 16 + -5. Calculate the highest common divisor of a and 121.
11
Let x be 3 + 46 + (0 - -1). Calculate the highest common divisor of x and 10.
10
Let f = 4 - -12. What is the greatest common divisor of 40 and f?
8
Let w = -13 - -23. What is the highest common factor of 80 and w?
10
Let x = 5 + 13. What is the greatest common divisor of x and 27?
9
Let h = -58 + 60. What is the greatest common factor of h and 2?
2
Let j = 326 + -315. Let m(f) = 14*f**2 - 1. Let n be m(2). Calculate the highest common factor of n and j.
11
Let c(y) = -y**2 + 13*y - 12. Let z be c(8). Let n = -8 + z. What is the highest common divisor of n and 30?
10
Sup